ase 5?
-140211
111 (base 15) to base 6
1041
Convert -1b8 (base 14) to base 10.
-358
Convert -c163 (base 14) to base 4.
-20012323
Convert -211 (base 11) to base 5.
-2004
Convert -14447 (base 10) to base 6.
-150515
What is 4dc9 (base 15) in base 7?
66303
Convert -21301 (base 5) to base 2.
-10110101011
What is 980a (base 14) in base 13?
bc61
Convert -3c43 (base 14) to base 9.
-15535
21315 (base 10) to base 2
101001101000011
What is 33244 (base 5) in base 14?
bc0
What is 1908 (base 12) in base 3?
11011022
Convert -11001000000110 (base 2) to base 3.
-122120022
Convert -15403 (base 8) to base 11.
-5217
7426 (base 9) to base 11
4106
Convert -580 (base 12) to base 6.
-3440
-1026 (base 9) to base 11
-625
1804 (base 9) to base 11
1046
What is -59d (base 15) in base 4?
-103321
Convert -10388 (base 13) to base 5.
-1413210
-3320000 (base 4) to base 9
-23685
Convert -126016 (base 7) to base 3.
-1012111001
Convert -21711 (base 8) to base 3.
-110120022
225 (base 7) to base 12
99
-2f50 (base 16) to base 15
-38c7
What is 667 (base 14) in base 10?
1267
What is 3075 (base 8) in base 6?
11221
-235 (base 12) to base 3
-110012
What is -11220002 (base 3) in base 4?
-313232
Convert -ab0 (base 13) to base 7.
-5226
2175 (base 8) to base 15
519
-e7 (base 15) to base 13
-139
Convert -22200 (base 5) to base 12.
-a92
Convert -590 (base 11) to base 2.
-1011000000
Convert -10a5 (base 13) to base 8.
-4434
-2493 (base 12) to base 14
-171d
-3a88 (base 11) to base 3
-21021021
Convert -18c2 (base 13) to base 9.
-5068
What is 21842 (base 12) in base 6?
541322
What is -13104 (base 5) in base 14?
-537
What is -11012 (base 5) in base 13?
-463
Convert -387 (base 10) to base 5.
-3022
Convert 284 (base 13) to base 10.
446
Convert -1101111000 (base 2) to base 13.
-534
Convert -9043 (base 10) to base 4.
-2031103
Convert 16726 (base 8) to base 15.
23e3
531 (base 10) to base 6
2243
Convert -6354 (base 9) to base 5.
-122131
Convert 737 (base 10) to base 12.
515
Convert 66a6 (base 13) to base 9.
21584
What is 14343 (base 8) in base 9?
8658
What is 382a (base 15) in base 6?
131221
Convert -1fd4 (base 16) to base 9.
-12153
Convert -1cac (base 13) to base 10.
-4367
-612 (base 10) to base 6
-2500
Convert 240 (base 14) to base 15.
1ed
-359 (base 10) to base 12
-25b
Convert -221211 (base 4) to base 11.
-1aaa
-35476 (base 10) to base 11
-24721
What is 596b (base 15) in base 12?
abb5
Convert -7196 (base 10) to base 15.
-21eb
Convert 31402 (base 5) to base 4.
200312
What is -125322 (base 6) in base 3?
-120212112
What is c2 (base 15) in base 5?
1212
Convert -9 (base 13) to base 5.
-14
Convert 10201132 (base 4) to base 14.
6a74
Convert 22011120 (base 3) to base 10.
5955
1175 (base 14) to base 3
11011201
What is -22109 (base 10) in base 5?
-1201414
-b (base 14) to base 9
-12
What is 1200110 (base 4) in base 9?
8408
Convert 4816 (base 14) to base 10.
12564
What is -c876 (base 15) in base 13?
-163c5
-20222220 (base 3) to base 10
-5100
-10c (base 14) to base 5
-1313
Convert 145213 (base 6) to base 15.
42b6
-100000001 (base 2) to base 13
-16a
Convert -25015 (base 7) to base 2.
-1100110000001
7467 (base 9) to base 2
1010101110000
20b4 (base 14) to base 4
1120032
What is -11011 (base 3) in base 8?
-160
Convert 1010010111 (base 2) to base 6.
3023
Convert -333444 (base 5) to base 16.
-2de5
Convert -1100001 (base 2) to base 15.
-67
-1011002212 (base 3) to base 12
-11158
What is -20321 (base 5) in base 10?
-1336
-796 (base 15) to base 6
-11540
-31d5 (base 16) to base 5
-402012
Convert 244 (base 10) to base 8.
364
Convert -460 (base 10) to base 5.
-3320
What is 408 (base 11) in base 10?
492
Convert 416 (base 8) to base 7.
534
What is 2415 (base 6) in base 5?
4322
-100110100100 (base 2) to base 16
-9a4
3124 (base 8) to base 16
654
Convert 4473 (base 14) to base 6.
130525
Convert 14572 (base 8) to base 10.
6522
-423203 (base 5) to base 15
-4303
14cb (base 14) to base 7
13544
-a35 (base 11) to base 6
-5440
What is d0f (base 16) in base 6?
23251
What is -20ea (base 15) in base 12?
-404a
17d (base 14) to base 5
2212
-2111 (base 3) to base 9
-74
Convert 1021 (base 5) to base 13.
a6
Convert -210200020 (base 3) to base 5.
-1001201
What is -3537 (base 12) in base 4?
-1130323
Convert 852 (base 10) to base 14.
44c
Convert -30d (base 15) to base 11.
-576
Convert -345034 (base 6) to base 16.
-73ae
What is -30706 (base 8) in base 11?
-9634
What is -42301 (base 5) in base 15?
-c86
-391 (base 11) to base 15
-20d
What is -15222 (base 6) in base 16?
-99e
Convert 1626 (base 8) to base 10.
918
765 (base 11) to base 6
4130
110110011 (base 2) to base 6
2003
What is 4047 (base 9) in base 2?
101110001111
-21462 (base 12) to base 9
-66132
What is 431212 (base 5) in base 15?
44a7
-22825 (base 12) to base 4
-23100131
Convert 7a9 (base 11) to base 6.
4250
What is -5d09 (base 15) in base 8?
-46541
What is 1001010110 (base 2) in base 4?
21112
Convert -2323 (base 4) to base 12.
-137
What is -400 (base 15) in base 7?
-2424
What is -1624 (base 11) in base 15?
-93d
What is -a (base 14) in base 10?
-10
Convert -2673 (base 9) to base 13.
-bb8
Convert 1234 (base 5) to base 8.
302
-469d (base 15) to base 9
-22514
Convert 2234 (base 7) to base 3.
1002222
Convert 2242 (base 5) to base 7.
640
What is 20205 (base 6) in base 14?
d89
1000000001100 (base 2) to base 4
1000030
Convert -9a5 (base 11) to base 12.
-844
Convert 110000010 (base 2) to base 4.
12002
10010200 (base 3) to base 12
13a6
-6051 (base 8) to base 2
-110000101001
Convert 1032333 (base 4) to base 15.
1770
4545 (base 13) to base 10
9690
Convert -3630 (base 10) to base 6.
-24450
What is -699 (base 10) in base 7?
-2016
12334 (base 5) to base 3
1022220
Convert -2588 (base 10) to base 15.
-b78
Convert 11101101 (base 2) to base 5.
1422
1110011110010111 (base 2) to base 12
2a387
What is 3852 (base 11) in base 3?
20212212
-54a (base 15) to base 7
-3325
Convert 1131020 (base 4) to base 8.
13510
Convert 1003 (base 10) to base 9.
1334
Convert 2144 (base 7) to base 6.
3315
What is 1731 (base 9) in base 11?
aa4
What is -20111110 (base 3) in base 15?
-160c
What is 101212200 (base 3) in base 5?
223204
Convert -23201101 (base 4) to base 14.
-132a5
Convert 1994 (base 11) to base 15.
b33
Convert -11220023 (base 4) to base 11.
-16356
Convert 2242 (base 6) to base 5.
4110
What is -13205 (base 7) in base 3?
-11211212
What is -405 (base 7) in base 9?
-243
Convert -8177 (base 9) to base 15.
-1b8d
23b (base 12) to base 2
101001111
Convert 301200 (base 4) to base 7.
12144
b75 (base 13) to base 10
1955
What is -202101 (base 3) in base 14?
-2b4
What is -101011000100 (base 2) in base 16?
-ac4
-1201 (base 7) to base 15
-1e7
What is -a6fe (base 16) in base 14?
-11818
What is 12010200 (base 3) in base 15?
1199
What is 3533 (base 16) in base 7?
54464
1232 (base 7) to base 8
720
Convert 124 (base 10) to base 13.
97
What is -302200 (base 4) in base 16?
-ca0
Convert 42666 (base 7) to base 6.
121120
-221210 (base 3) to base 6
-3120
-10274 (base 13) to base 16
-7142
13b0 (base 13) to base 5
42342
What is -3616 (base 7) in base 3?
-1211111
What is 3d7 (base 14) in base 8?
1411
What is 7a8 (base 13) in base 3?
1210221
1110000000110111 (base 2) to base 11
3a141
130145 (base 6) to base 9
17072
1239d (base 15) to base 9
87744
What is 2102112001 (base 3) in base 6?
1005044
What is -10111001101101 (base 2) in base 7?
-46436
Convert -5483 (base 12) to base 11.
-6aa9
What is -10822 (base 13) in base 8?
-72365
What is 162633 (base 8) in base 10?
58779
What is 57e0 (base 15) in base 10?
18660
Convert 228 (base 10) to base 9.
273
-405113 (base 6) to base 13
-11892
What is 388 (base 9) in base 7?
641
What is 1103 (base 9) in base 5?
11223
127 (base 15) to base 4
10012
Convert 110b3 (base 13) to base 10.
30904
1c2 (base 15) to base 8
627
Convert -201210210 (base 3) to base 11.
-a937
Convert -1838 (base 9) to base 14.
-72c
Convert -565 (base 15) to base 8.
-2304
What is -466 (base 12) in base 6?
-3010
45777 (base 8) to base 3
222200120
-3005 (base 9) to base 7
-6251
What is 1154 (base 6) in base 3?
101121
Convert e3 (base 16) to base 11.
197
202020 (base 3) to base 13
330
Convert -11101000100 (base 2) to base 13.
-b01
What is 11101110 (base 2) in base 6?
1034
What is -5809 (base 12) in base 16?
-2649
What is 209 (base 14) in base 6?
1505
91e